 of 11197.
11197
List the prime factors of 12708.
2, 3, 353
List the prime factors of 1776.
2, 3, 37
What are the prime factors of 5206?
2, 19, 137
List the prime factors of 655.
5, 131
What are the prime factors of 271?
271
List the prime factors of 108223.
108223
List the prime factors of 2090.
2, 5, 11, 19
What are the prime factors of 705?
3, 5, 47
What are the prime factors of 1135?
5, 227
List the prime factors of 17168.
2, 29, 37
What are the prime factors of 1279?
1279
What are the prime factors of 1936?
2, 11
What are the prime factors of 250?
2, 5
List the prime factors of 22035.
3, 5, 13, 113
What are the prime factors of 13679?
13679
List the prime factors of 8159.
41, 199
What are the prime factors of 33450?
2, 3, 5, 223
What are the prime factors of 659?
659
List the prime factors of 12264.
2, 3, 7, 73
What are the prime factors of 2240?
2, 5, 7
What are the prime factors of 1364?
2, 11, 31
List the prime factors of 1000.
2, 5
What are the prime factors of 1420?
2, 5, 71
List the prime factors of 1010.
2, 5, 101
List the prime factors of 126.
2, 3, 7
List the prime factors of 2369.
23, 103
What are the prime factors of 16407?
3, 1823
What are the prime factors of 17407?
13, 103
List the prime factors of 2823.
3, 941
What are the prime factors of 12274?
2, 17, 19
What are the prime factors of 2117?
29, 73
List the prime factors of 10019.
43, 233
List the prime factors of 4176.
2, 3, 29
List the prime factors of 4730.
2, 5, 11, 43
List the prime factors of 1926.
2, 3, 107
List the prime factors of 3078.
2, 3, 19
What are the prime factors of 161?
7, 23
What are the prime factors of 4336?
2, 271
What are the prime factors of 8460?
2, 3, 5, 47
List the prime factors of 6872.
2, 859
List the prime factors of 725.
5, 29
List the prime factors of 115092.
2, 3, 23, 139
What are the prime factors of 3446?
2, 1723
What are the prime factors of 1799?
7, 257
What are the prime factors of 12792?
2, 3, 13, 41
What are the prime factors of 99805?
5, 19961
What are the prime factors of 746?
2, 373
What are the prime factors of 86966?
2, 11, 59, 67
What are the prime factors of 96?
2, 3
List the prime factors of 1844.
2, 461
List the prime factors of 5489.
11, 499
What are the prime factors of 18662?
2, 7, 31, 43
List the prime factors of 15856.
2, 991
List the prime factors of 12045.
3, 5, 11, 73
What are the prime factors of 4077?
3, 151
List the prime factors of 5340.
2, 3, 5, 89
List the prime factors of 22198.
2, 11, 1009
List the prime factors of 11732.
2, 7, 419
What are the prime factors of 215?
5, 43
List the prime factors of 11083.
11083
What are the prime factors of 102752?
2, 13, 19
List the prime factors of 727.
727
What are the prime factors of 44112?
2, 3, 919
List the prime factors of 2526.
2, 3, 421
What are the prime factors of 17887?
31, 577
What are the prime factors of 17175?
3, 5, 229
What are the prime factors of 65786?
2, 7, 37, 127
List the prime factors of 1928.
2, 241
List the prime factors of 13086.
2, 3, 727
What are the prime factors of 9802?
2, 13, 29
What are the prime factors of 630?
2, 3, 5, 7
What are the prime factors of 5679?
3, 631
List the prime factors of 304.
2, 19
List the prime factors of 2164.
2, 541
What are the prime factors of 714?
2, 3, 7, 17
What are the prime factors of 7360?
2, 5, 23
List the prime factors of 799.
17, 47
List the prime factors of 18575.
5, 743
List the prime factors of 2206.
2, 1103
What are the prime factors of 1342?
2, 11, 61
What are the prime factors of 3331?
3331
List the prime factors of 2255.
5, 11, 41
What are the prime factors of 1359?
3, 151
List the prime factors of 9561.
3, 3187
What are the prime factors of 1099?
7, 157
List the prime factors of 9641.
31, 311
What are the prime factors of 76706?
2, 7, 5479
List the prime factors of 471.
3, 157
List the prime factors of 1307.
1307
What are the prime factors of 2327?
13, 179
List the prime factors of 39212.
2, 9803
What are the prime factors of 153578?
2, 17, 4517
List the prime factors of 65744.
2, 7, 587
List the prime factors of 71195.
5, 29, 491
What are the prime factors of 1126?
2, 563
List the prime factors of 32237.
32237
What are the prime factors of 536?
2, 67
List the prime factors of 15282.
2, 3, 283
List the prime factors of 636.
2, 3, 53
List the prime factors of 6409.
13, 17, 29
What are the prime factors of 157462?
2, 131, 601
What are the prime factors of 5834?
2, 2917
List the prime factors of 793.
13, 61
What are the prime factors of 2063?
2063
List the prime factors of 88691.
31, 2861
List the prime factors of 156972.
2, 3, 103, 127
What are the prime factors of 10441?
53, 197
What are the prime factors of 5579?
7, 797
List the prime factors of 6372.
2, 3, 59
What are the prime factors of 3868?
2, 967
List the prime factors of 1028.
2, 257
List the prime factors of 3267.
3, 11
What are the prime factors of 38012?
2, 13, 17, 43
List the prime factors of 483.
3, 7, 23
List the prime factors of 17878.
2, 7, 1277
What are the prime factors of 58619?
11, 73
List the prime factors of 1595.
5, 11, 29
List the prime factors of 19767.
3, 11, 599
List the prime factors of 18370.
2, 5, 11, 167
What are the prime factors of 64538?
2, 23, 61
What are the prime factors of 1748?
2, 19, 23
What are the prime factors of 1728?
2, 3
What are the prime factors of 2577?
3, 859
List the prime factors of 104.
2, 13
What are the prime factors of 2854?
2, 1427
What are the prime factors of 46965?
3, 5, 31, 101
List the prime factors of 16511.
11, 19, 79
List the prime factors of 52157.
7, 7451
List the prime factors of 7601.
11, 691
What are the prime factors of 16695?
3, 5, 7, 53
What are the prime factors of 10940?
2, 5, 547
What are the prime factors of 78615?
3, 5, 1747
List the prime factors of 7302.
2, 3, 1217
What are the prime factors of 642?
2, 3, 107
What are the prime factors of 2839?
17, 167
What are the prime factors of 34319?
34319
What are the prime factors of 56251?
13, 4327
What are the prime factors of 1040?
2, 5, 13
What are the prime factors of 33085?
5, 13, 509
List the prime factors of 1159.
19, 61
List the prime factors of 16345.
5, 7, 467
What are the prime factors of 79669?
79669
List the prime factors of 1176.
2, 3, 7
What are the prime factors of 14509?
11, 1319
What are the prime factors of 2941?
17, 173
List the prime factors of 25528.
2, 3191
What are the prime factors of 60734?
2, 30367
List the prime factors of 2916.
2, 3
What are the prime factors of 19917?
3, 2213
What are the prime factors of 2411?
2411
What are the prime factors of 103217?
103217
What are the prime factors of 406?
2, 7, 29
List the prime factors of 5164.
2, 1291
List the prime factors of 7452.
2, 3, 23
List the prime factors of 858.
2, 3, 11, 13
What are the prime factors of 134?
2, 67
What are the prime factors of 395?
5, 79
List the prime factors of 10676.
2, 17, 157
List the prime factors of 18980.
2, 5, 13, 73
List the prime factors of 97481.
43, 2267
What are the prime factors of 7621?
7621
What are the prime factors of 470?
2, 5, 47
What are the prime factors of 3343?
3343
List the prime factors of 9990.
2, 3, 5, 37
What are the prime factors of 358?
2, 179
What are the prime factors of 2244?
2, 3, 11, 17
List the prime factors of 21479.
47, 457
List the prime factors of 31414.
2, 113, 139
List the prime factors of 107361.
3, 79, 151
List the prime factors of 19060.
2, 5, 953
List the prime factors of 7639.
7639
List the prime factors of 88597.
19, 4663
What are the prime factors of 1624?
2, 7, 29
List the prime factors of 14790.
2, 3, 5, 17, 29
List the prime factors of 1281.
3, 7, 61
What are the prime factors of 772?
2, 193
List the prime factors of 3551.
53, 67
What are the prime factors of 523?
523
What are the prime factors of 7686?
2, 3, 7, 61
What are the prime factors of 121115?
5, 24223
What are the prime factors of 283?
283
List the prime factors of 1326.
2, 3, 13, 17
List the prime factors of 274.
2, 137
List the prime factors of 1036.
2, 7, 37
List the prime factors of 2806.
2, 23, 61
List the prime factors of 25472.
2, 199
What are the prime factors of 1109?
1109
List the prime factors of 33338.
2, 79, 211
List the prime factors of 1110.
2, 3, 5, 37
List the prime factors of 118220.
2, 5, 23, 257
